.
2, 71
Let d = 138 - 818. Let n = 1325 + d. Let b = -448 + n. What are the prime factors of b?
197
Suppose -u + 109962 = 5*v - 0*u, -v = 2*u - 22005. What are the prime factors of v?
21991
Let u be (2/3)/((-32)/24)*-8. List the prime factors of -363*(u - 5 - 0).
3, 11
Let r = -1928 - -3634. Suppose 8*a - r = 1230. What are the prime factors of a?
367
Let r(n) = -n**2 + 8*n - 7. Let f be r(7). Suppose 0 = -5*h + 3*b + b + 1517, f = h - 3*b - 310. List the prime factors of h.
7, 43
Let p(z) be the first derivative of -9/2*z**2 - 30*z + 1/3*z**3 + 47. List the prime factors of p(14).
2, 5
Let f = 11 - 1. Let m be 292/18 - f/45. List the prime factors of 2/m - (-5754)/48.
2, 3, 5
Let x(p) = -p**2 - 11*p - 10. Let a be x(0). List the prime factors of ((-724)/a)/(1/5).
2, 181
Let x = 135 - 12. Let m = 4403 + -4403. Suppose 4*y - 3*y - x = m. List the prime factors of y.
3, 41
Suppose -2*c + 422 = 4*n, n - 129 = -3*c + 499. Let u = c + 181. List the prime factors of u.
2, 3, 5, 13
Suppose -b = -2*g + 67256, 9*b = 2*g - 51597 - 15691. What are the prime factors of g?
2, 17, 23, 43
Suppose -15*s + 6*s = -2961. Suppose -4*n + 1413 - s = 0. List the prime factors of n.
271
Suppose 17*m + 44 = -109. Let l = m + 69. What are the prime factors of l?
2, 3, 5
Let o be ((-4)/(-2) + 12)*42/4. Let z = 150 - o. What are the prime factors of z?
3
Let k = -17 + 46. Suppose 2*h = -h - a + k, 0 = 2*h - 2*a - 6. Suppose -h*r + 420 = -r. What are the prime factors of r?
2, 3, 5
Suppose 11*o = 16*o + 2*s + 36, 0 = -o + 5*s - 18. What are the prime factors of (-1226)/o - 6*6/144?
3, 17
Let w(d) = 15*d**2 - d - 31. Let v be w(-7). Suppose 3081 = 15*x + v. List the prime factors of x.
2, 79
Suppose 18*l - 6*l = 84. Let w(u) = 38*u + 174. What are the prime factors of w(l)?
2, 5, 11
Suppose 77*g = 78*g + 81. Let b be 7 - g - (0 + 4). Suppose -5*f + 234 = b. List the prime factors of f.
2, 3, 5
Let f(q) be the first derivative of q**4/4 - 11*q**3/3 + q**2/2 + 15*q + 96. What are the prime factors of f(13)?
2, 3, 61
Let v(u) = 555*u**2 - 72*u + 104. List the prime factors of v(7).
5, 23, 233
Let n(t) = t**3 - 3*t**2 - 19*t + 34104. List the prime factors of n(0).
2, 3, 7, 29
Suppose 12*b - 59 - 13 = 0. Let f(j) = 3*j**2 - 12. Let t be f(b). Let i = t + -40. List the prime factors of i.
2, 7
Let v be (-9)/12*70*2. Let a = -94 - v. Suppose a*x - 793 = -2*x. What are the prime factors of x?
61
Let g be 44/20 - (-5)/(-25). Suppose 876 = g*c + 5*a - 106, -2*c + 3*a = -982. What are the prime factors of c?
491
Suppose 0*u + 5*n = 4*u - 70, 2*n + 64 = 4*u. Let g = u - 11. Let d(j) = 7*j + 20. What are the prime factors of d(g)?
2, 3
What are the prime factors of 2/4 + (-805)/(-10)?
3
Let z(a) = a - 1. Let l(d) = 77*d - 52. Let j(i) = -l(i) + 3*z(i). List the prime factors of j(-6).
17, 29
Suppose 0 = 3*x - 3*i + 9, 0*i - 5 = -5*x + i. Let o be (590/15)/(x/(-6)). Let t = o + 181. What are the prime factors of t?
3, 7
Let z(b) = -22258*b - 1. What are the prime factors of z(-2)?
5, 29, 307
Suppose -30*x + 9108 - 1572 = -6*x. What are the prime factors of x?
2, 157
List the prime factors of 4*(4/6 - 2759999/(-996)).
11087
Let q(s) = 11*s + 10 - s**3 + 9*s**2 - 2 + 0*s + 6*s. What are the prime factors of q(8)?
2, 13
Let g(b) = -4*b + 12. Suppose 0*m - l = 2*m - 4, -2 = -m + 3*l. Let x be g(m). Suppose x*f = -4*h + 752, 4*h = 2*f - 108 + 842. List the prime factors of h.
5, 37
Suppose 3*v + 2*t + 98 = 4*v, 0 = 2*v + t - 186. Suppose -96*q + 32*q = -11008. Let o = q - v. What are the prime factors of o?
2, 3, 13
Suppose 2*p + 12 = 8*p. Let y be 2/p + (-9 - 81). Let i = 297 + y. List the prime factors of i.
2, 13
Suppose -25855*d - 226200 = -25867*d. List the prime factors of d.
2, 5, 13, 29
Suppose 3*o + 4*u + 47 = 0, -o - 6 = 5*u + 6. Let q = o - -162. List the prime factors of q.
5, 29
Let c be 0 + 1 - (-5 - 83/(-1)). Let b = 300 - c. List the prime factors of b.
13, 29
Let y = 258 + 1701. List the prime factors of y.
3, 653
Let p(w) = -14*w - 10. Let h = 40 - 42. Let q(g) = -g**3 - g**2 + 2*g - 4. Let t be q(h). List the prime factors of p(t).
2, 23
Suppose -3*w + 42985 = -z + 1921, -3*w + 41064 = 2*z. What are the prime factors of w?
2, 29, 59
Let l = 5251 - -13472. What are the prime factors of l?
3, 79
Let u be -5 - 6*(-20)/15. Suppose -3*o + 5*z - 850 = -6109, u*o - 2*z = 5250. What are the prime factors of o?
2, 19, 23
What are the prime factors of 2/15*19630230/76?
34439
Suppose -2*k = 2*k - 2420. Suppose 3185 - k = 6*l. Suppose 3*n - l = -2*n. What are the prime factors of n?
2, 43
Suppose 0*z - z = -5*m + 23, -2*z + 5*m = 21. Suppose 0 = 2*n - p - 126, 196 = 3*n - 0*n + z*p. Let t = 69 - n. What are the prime factors of t?
5
Suppose 6*d = d, -3*l - 4*d = -9. Suppose -r - s + l = -3, 10 = 5*r + s. List the prime factors of 20/((r/10)/((-1)/(-2))).
2, 5
Let f(l) = l**3 - 5*l**2 - 8*l + 295. List the prime factors of f(16).
19, 157
Suppose -4 - 5 = -3*k. Suppose -k*b - b = -68. Let s = b + 26. What are the prime factors of s?
43
Let m be (-36)/6*(1 - 2/3). Let l be -1*(m - 2) + -17. List the prime factors of (18/8)/(l/(-260)).
3, 5
Suppose 0 = -4*a + 2 + 2, -g = 5*a - 18. Let y(d) = -2*d**2 + 27*d - 6. Let b be y(g). Suppose -b*p + 146 = 20. List the prime factors of p.
2, 3
Let k = 19851 + -4109. Suppose -25*n - k = -42*n. What are the prime factors of n?
2, 463
What are the prime factors of -7 - (5 - (-1 + 5)) - -20775?
19, 1093
Suppose -13*g + 47 = 8. Suppose -37 = -2*u - g. Let w(f) = -f**3 + 17*f**2 - f + 26. List the prime factors of w(u).
3
Let p = -18 + 31. Let f(j) = j**3 - 12*j**2 - 15*j + 28. Let a be f(p). What are the prime factors of (4/4)/(a/28)?
2, 7
Let u = -742 + 927. Suppose u - 1498 = -x. List the prime factors of x.
13, 101
Let b = -2414 - -6328. What are the prime factors of b?
2, 19, 103
Let u = 238 - 238. List the prime factors of u - 3852/(-42) - (-2)/7.
2, 23
Let s(h) = -35*h**2 + 5*h - 5. Let p(k) = -34*k**2 + 6*k - 5. Let o(j) = 6*p(j) - 7*s(j). What are the prime factors of o(3)?
13, 29
Let f(r) = 2*r**2 - 27*r + 13. Suppose -16*p = -176 - 32. Let y be f(p). Suppose -3*x + 0*x - 6 = 0, y = 4*m + 2*x - 428. List the prime factors of m.
2, 3
Let b(o) = -12*o + 4 + 20*o - 6*o + o**2 - 9*o. Let v be b(3). List the prime factors of v/2 + (-1904)/(-16).
5, 23
Let v = -177 - -181. Let b(k) = 15*k**2 - 5*k + 9. What are the prime factors of b(v)?
229
Let p(x) = -2747*x + 395. What are the prime factors of p(-10)?
5, 5573
Suppose 0 = 16*q - 15*q - 325. Let y = q + -197. What are the prime factors of y?
2
Let r = 237 + -227. What are the prime factors of 235 + -2 - (-9 + r)?
2, 29
Let i(x) be the third derivative of -x**4/2 - 27*x**2. Let t be i(-3). What are the prime factors of ((-104)/24)/((-2)/t)?
2, 3, 13
Let l(p) = p**3 + 15*p**2 + 4*p - 27. Suppose 27*s = 5*s - 264. What are the prime factors of l(s)?
3, 7, 17
Suppose 90*x - 126067 = -6*t + 85*x, 3 = -3*x. What are the prime factors of t?
2, 3, 17, 103
Suppose z - 464 - 841 = 4*k, 15 = -5*z. What are the prime factors of 0 + 3 - 0 - k?
2, 3, 5, 11
Let g(p) = -p**3 - 10*p**2 + 23*p - 9. Let l be g(-12). List the prime factors of (l/15 + 1)*(-855)/(-6).
3, 19
Suppose -32 = 6*a - 14*a. Suppose 2*q = 5*n - 88, 4*n - q = -a*q + 75. What are the prime factors of 3/n - 65/(-6)?
11
Suppose -271*h + 129*h + 110*h = -354560. What are the prime factors of h?
2, 5, 277
Let q(s) = 5*s**2 + s - 1. Let z be q(1). Suppose -2*j - 3*t = -40, 4*j + t = z*t + 80. What are the prime factors of 13/(j/36*(-3)/(-10))?
2, 3, 13
Let r be (-4)/(-22) - (-19957)/(-77). Suppose -5*x - 636 = 3*z, 0 = -3*x - 10*z + 12*z - 374. Let l = x - r. List the prime factors of l.
7, 19
Suppose 2*v - 47982 = -g, -33*v = -35*v + 6. List the prime factors of g.
2, 3, 1999
Suppose -2*n - 3*k = -66233, -87*n + 90*n = -k + 99332. List the prime factors of n.
113, 293
Let c be (-4)/(-26) - (-152)/26. List the prime factors of (-2160)/(-22) + c/(-33).
2, 7
Suppose -48697 = -4*a + 77175. List the prime factors of a.
2, 7867
Let h be 14/28*(-35 - -1). Let v(p) = p**2 + 19*p + 36. Let q be v(h). List the prime factors of (-2)/1*q/8*-346.
173
Let i(b) = -7*b**3 - 2*b + 65 + 66 - 121 + 11*b. List the prime factors of i(-5).
2, 3, 5, 7
What are the prim